i - 9. Determine c(4).
11
Let c(t) = -94*t + 929. What is c(10)?
-11
Let n(t) = -t**2 + 18*t - 39. Give n(16).
-7
Let d(m) = -10*m + 13. What is d(9)?
-77
Let y(f) = f**3 + 9*f**2 + 12*f + 10. What is y(-7)?
24
Let p(n) = -7*n - 31. Give p(-5).
4
Let z(i) = 15*i - 33. What is z(2)?
-3
Let r(h) = -5*h - 9. Give r(-2).
1
Let w(k) = k**3 + 5*k**2 + 3*k - 12. Give w(-4).
-8
Let r(m) = -m**2 + 22*m + 55. Determine r(24).
7
Let x(u) = u - 4. Determine x(-3).
-7
Let u(z) = -7*z**2 + 2*z - 9. Determine u(4).
-113
Let c(h) = -4*h - 26. Give c(5).
-46
Let x(n) = n**3 - 5*n + 4. Determine x(2).
2
Let f(k) = k**3 - 14*k**2 + 46*k - 4. Determine f(5).
1
Let l(p) = -p**3 + 13*p**2 + 15*p + 2. Give l(14).
16
Let w(p) = -p**3 - 9*p**2 - 8*p - 1. Determine w(-8).
-1
Let c(g) = -5*g**2 + 23*g - 43. Determine c(2).
-17
Let x(k) = -k**2 - 23*k - 39. Give x(-21).
3
Let c(b) = -b**2 + 7*b - 1. Calculate c(7).
-1
Let z(b) = 19*b + 83. Determine z(-10).
-107
Let w(q) = q**2 - 5*q + 8. Calculate w(2).
2
Let b(v) = -3*v**2 - 41*v + 41. Calculate b(1).
-3
Let k(u) = 10*u**3 - 2*u**2 - u - 2. What is k(2)?
68
Let f(p) = p**3 + 21*p**2 - 25*p - 71. What is f(-22)?
-5
Let q(a) = -9*a + 138. What is q(22)?
-60
Let q(f) = 2*f**3 - 2*f**2 - 2*f + 2. Determine q(3).
32
Let k(p) = -p**2 - 9*p - 3. Calculate k(-12).
-39
Let g(a) = -3*a - 1. Calculate g(-1).
2
Let m(v) = 398*v - 789. Calculate m(2).
7
Let j(n) = -3*n**2 - 2*n + 5. Give j(4).
-51
Let n(h) = h - 19. Give n(8).
-11
Let n(b) = -2*b + 5. What is n(6)?
-7
Let d(g) = 2*g**3 + 6*g**2 + 2*g - 2. Calculate d(-2).
2
Let z(i) = -3*i + 22. Calculate z(6).
4
Let a(r) = r + 6. Calculate a(13).
19
Let q(l) = l - 6. Determine q(4).
-2
Let m(g) = g**2 - 2*g + 36. What is m(0)?
36
Let k(s) = 2*s**3 - 2*s**2 + 2. Determine k(0).
2
Let u(n) = -n**3 - 6*n**2 - 3*n - 8. Calculate u(-4).
-28
Let w(h) = -3*h - 34. What is w(-12)?
2
Let n(l) = l**3 - 12*l**2 + 20*l + 17. Determine n(9).
-46
Let r(y) = -y + 5. Give r(7).
-2
Let z(l) = -2*l**2 + 3*l - 4. Calculate z(3).
-13
Let n(a) = a**2 + 3*a - 3. What is n(-4)?
1
Let o(t) = t**3 + 4*t**2 - 8*t - 10. Determine o(-5).
5
Let n(b) = -9*b - 119. Determine n(-14).
7
Let l(k) = 3*k + 13. Determine l(-7).
-8
Let z(i) = i**3 + 4*i**2 - 2*i - 8. Calculate z(-4).
0
Let j(x) = 27*x - 14. What is j(-3)?
-95
Let y(k) = -k**2 + 22*k + 88. Give y(24).
40
Let z(s) = -2*s**3 - 14*s**2 + 18*s + 11. What is z(-8)?
-5
Let p(x) = -x**2 - 16*x - 69. Give p(-11).
-14
Let d(q) = -q**2 + 9*q + 3. Give d(5).
23
Let w(x) = x**2 - 6*x - 16. What is w(7)?
-9
Let z(q) = 3*q - 5. Determine z(5).
10
Let u(s) = -s**2 - 6*s - 1. Calculate u(-4).
7
Let g(j) = 3*j**2 + 52*j - 158. What is g(-20)?
2
Let d(p) = 7*p**2 - 41*p - 14. Give d(6).
-8
Let g(b) = 3*b**3 + 2*b**2 - 7*b - 5. What is g(-2)?
-7
Let y(d) = d**3 - 23*d**2 - 26*d + 45. What is y(24)?
-3
Let p(w) = 23*w + 14. Calculate p(2).
60
Let k(p) = -3*p**2 - 26*p + 16. Determine k(-12).
-104
Let l(a) = 25*a + 71. Determine l(-4).
-29
Let c(z) = z + 5. What is c(-18)?
-13
Let m(b) = 9*b - 49. Determine m(6).
5
Let g(t) = t**3 - 9*t**2 - 16*t + 44. Determine g(10).
-16
Let z(a) = -8*a**3 - 18*a - 20. Give z(-1).
6
Let h(j) = -j**3 - 3*j**2 - 2*j - 3. Determine h(-2).
-3
Let z(n) = -n**2 + 23*n - 83. Calculate z(4).
-7
Let g(l) = -l**2 - 3*l + 68. What is g(-10)?
-2
Let g(j) = j**2 - 9*j + 2. Calculate g(7).
-12
Let h(y) = y**2 - 9*y - 30. Give h(12).
6
Let x(s) = -s**3 - 8*s**2 - s + 9. Calculate x(-8).
17
Let m(o) = -o**2 - 11*o + 36. Give m(-14).
-6
Let v(d) = -d**3 - 15*d**2 - 32. What is v(-15)?
-32
Let r(k) = 2*k**2 + 31*k + 39. Calculate r(-13).
-26
Let a(t) = 2*t + 7. Calculate a(-2).
3
Let c(z) = -z - 9. Determine c(-9).
0
Let t(m) = 13*m**2 - 4*m - 2. Give t(-1).
15
Let z(l) = -34*l + 31. Determine z(1).
-3
Let j(p) = p**3 - 24*p**2 + 22*p + 30. Give j(23).
7
Let h(t) = 2*t**2 + 14*t + 1. Calculate h(-7).
1
Let i(g) = -g**3 + 27*g**2 + 27*g + 60. Determine i(28).
32
Let d(t) = -t**2 + 7*t + 1. Calculate d(5).
11
Let i(t) = -t**3 + 5*t**2 + 8*t + 4. Give i(-1).
2
Let l(d) = -d**3 + 14*d**2 - 7*d - 19. Calculate l(14).
-117
Let g(c) = -c**3 - 3*c**2 - 5*c - 8. Give g(-3).
7
Let t(l) = l - 16. Give t(0).
-16
Let z(h) = 9*h - 22. Determine z(2).
-4
Let f(h) = 6*h + 29. Give f(-6).
-7
Let t(w) = w**3 + 5*w**2 - 6*w - 5. Calculate t(-6).
-5
Let w(n) = 7*n**2 - n + 1. Calculate w(1).
7
Let c(m) = -m**2 + m - 1. Give c(3).
-7
Let k(x) = 3*x**3 + 3*x**2 + 5*x - 10. Determine k(3).
113
Let b(i) = -i**2 + 7*i - 4. Determine b(6).
2
Let b(m) = -m**3 + 2*m**2 - 7*m + 5. Determine b(4).
-55
Let t(i) = 8*i - 18. Give t(-4).
-50
Let m(t) = 2*t. Give m(6).
12
Let f(p) = -p**3 - 6*p**2 + p + 21. What is f(-5)?
-9
Let r(i) = -12*i + 375. Determine r(32).
-9
Let r(i) = i**3 + 11*i**2 + 4*i + 19. Determine r(-11).
-25
Let a(i) = -39*i + 106. Determine a(5).
-89
Let k(s) = -s**3 + 14*s**2 - 4*s - 113. Determine k(13).
4
Let v(h) = -2*h**2 - 49*h - 72. Give v(-23).
-3
Let n(f) = -2*f + 7. Give n(3).
1
Let v(o) = -2*o - 13. What is v(-7)?
1
Let h(i) = i**2 + 5*i + 6. Determine h(-4).
2
Let i(c) = 5*c + 51. Give i(-7).
16
Let w(i) = 30*i - 482. Give w(16).
-2
Let p(n) = -15*n**3 + n**2 - 1. Determine p(1).
-15
Let a(c) = 17*c - 3. Give a(-2).
-37
Let r(j) = 14*j - 1. Give r(-2).
-29
Let i(p) = -p**3 + 3*p**2 + 4*p + 2. Give i(4).
2
Let p(b) = -8*b + 32. Give p(-8).
96
Let u(p) = -p**2 + 9*p - 2. Give u(6).
16
Let m(x) = -2*x + 31. What is m(17)?
-3
Let i(l) = -l**3 + 24*l**2 - 2*l + 38. Determine i(24).
-10
Let p(x) = x**3 + x**2 - 2*x + 37. Determine p(0).
37
Let g(t) = -t**2 - 6*t + 3. Determine g(-5).
8
Let y(n) = -n**3 + 9*n**2 - 2*n + 2. Give y(9).
-16
Let y(w) = -37*w + 58. Calculate y(2).
-16
Let w(h) = -h**3 + 5*h**2 + 15*h - 14. Give w(7).
-7
Let b(x) = 2*x**3 - 5*x**2 + 4*x - 7. Calculate b(3).
14
Let k(q) = q**2 - 2*q + 77. Calculate k(0).
77
Let n(i) = 2*i + 1. Calculate n(-1).
-1
Let m(p) = p**2 + p - 2. Calculate m(-4).
10
Let c(p) = -3*p**2 + 3*p + 131. What is c(-6)?
5
Let d(r) = -r - 17. Give d(-11).
-6
Let s(g) = 25*g - 314. Calculate s(13).
11
Let l(j) = 8*j + 63. Give l(-7).
7
Let a(y) = 7*y - 70. Calculate a(8).
-14
Let y(x) = 19*x + 104. Give y(-6).
-10
Let g(i) = -2*i**3 + 3*i**2 + 2*i + 2. What is g(-2)?
26
Let c(j) = j + 12. Determine c(-13).
-1
Let u(b) = -b**2 + 2*b - 2. Determine u(0).
-2
Let m(l) = -l**3 - 9*l**2 + 14*l + 41. Give m(-10).
1
Let v(u) = -9*u**2 - 4*u. What is v(-3)?
-69
Let n(f) = 12*f - 54. Calculate n(6).
18
Let h(z) = 6*z - 148. Give h(25).
2
Let o(a) = 57*a - 189. Calculate o(3).
-18
Let m(a) = -a**3 + 4*a**2 - a + 11. Calculate m(5).
-19
Let j(v) = -2*v**2 - 15*v - 41. Determine j(-5).
-16
Let j(r) = r**3 - 13*r**2 - 13*r - 22. Calculate j(14).
-8
Let s(a) = -a - 6. Determine s(-19).
13
Let b(o) = -o**3 - o**2 - o - 3. Give b(-2).
3
Let m(v) = v**3 - 8*v**2 - 21*v + 11. What is m(10)?
1
Let y(n) = n**3 - 9*n**2 - 10*n - 13. Determine y(10).
-13
Let g(k) = k**2 - 11*k + 23. Give g(11).
23
Let c(w) = w**3 - 13*w**2 - w + 17. What is c(13)?
4
Let t(l) = -25*l + 17. Give t(2).
-33
Let p(n) = -n**3 + 3*n**2 + 7*n - 8. Give p(4).
4
Let k(a) = 16*a**3 - a**2 - a. Calculate k(-1).
-16
Let n(j) = -j**3 + j - 26. What is n(0)?
-26
Let r(a) = a**3 + 8*a**2 - 3*a + 13. What is r(-9)?
-41
Let t(u) = 3*u - 15. Give t(5).
0
Let x(w) = -2*w**2 - 15*w - 17. Calculate x(-8).
-25
Let p(y) = y**2 - 10*y + 11. Calculate p(3).
-10
Let z(a) = a**2 - 16*a - 26. Calculate z(16).
-26
Let y(h) = 3*h. Give y(1).
3
Let u(w) = 6*w**2 - 2. Calculate u(2).
22
Let q(k) = 2*k - 12. What is q(6)?
0
Let a(v) = v**2 + 7*v + 3. What is a(-6)?
-3
Let y(k) = -k**2 - 2*k - 4. Calculate y(-2).
-4
Let w(l) = 2*l + 9. Determine w(-4).
1
Let x(b) = b**2 + 3*b + 9. What is x(0)?
9
Let m(c) = -c**2 - 7*c + 16. Give m(-8).
8
Let j(b) = -b**3 - 9*b**2 + 12*b + 24. What is j(-10)?
4
Let g(p) = 4*p**2 - 8*p - 8. Calculate g(4).
24
Let j(w) = 2*w**2 + 41*w + 19. What is j(-20)?
-1
Let d(m) = -m**3 - 21*m**2 - 22*m - 36. What is d(-20)?
4
Let j(r) = -r - 45. Calculate j(-20).
-25
Let a(i) = 9*i - 56. Calculate a(8).
16
Let h(l) = -l**3 - 6*l**2 - 5*l + 7. What is h(-4)?
-5
Let j(q) = -q**2 + 15*q + 31. Give j(15).
31
Let r(l) = -3*l**2 + 7*l - 7. What is r(4)?
-27
Let v(s) = 22*s - 3